 o + z - 8 = 0. Suppose -1 - 7 = -2*u, 5*r = -o*u - 248. Let l = -23 - r. What is the tens digit of l?
2
What is the ten thousands digit of 3 - 125/45 - (-14)/(-189)*-273507?
2
Let v(d) be the first derivative of -d**3/3 - 16*d**2 + 18*d - 29. What is the tens digit of v(-17)?
7
Suppose 4*r = -2*i - 0 + 16, -r = 4*i - 11. Suppose 1782 = k - i*j, k - 1782 = -j + 2*j. What is the units digit of k?
2
Suppose 0 = -5*s + 6*s + 48. Let p = s - -51. Suppose 243 = -p*j + 6*j. What is the tens digit of j?
8
Let y = 58 - 51. Suppose -3*c - 2*h + 9 = 0, -2*c - 3 = -4*h + y. Let d(z) = 62*z**2 + 2*z - 1. What is the tens digit of d(c)?
6
Let r(y) = -y**2 + 14*y - 56. Let u be r(5). Let c(k) = 5*k + 282. What is the hundreds digit of c(u)?
2
Suppose 6*f = 9*f. Suppose -o - 4*q - 5 = -18, 5*q = f. Suppose 2793 = o*a + 674. What is the hundreds digit of a?
1
Let k(c) = -257*c**3 - 13*c**2 - 9*c + 133. What is the units digit of k(-5)?
8
Suppose 3*l = -7*g + 4*g + 25944, -4*l = g - 8633. What is the units digit of g?
3
Let r(m) be the third derivative of -m**6/120 + m**5/20 + m**4/8 + 4*m**3/3 + 3*m**2. Let p be r(4). Let o = 63 - p. What is the tens digit of o?
5
Let h(j) = -j**2 + 7*j + 127. Let b(w) = 2*w**2 - 15*w - 254. Let y(f) = 2*b(f) + 5*h(f). Let x be y(0). Suppose 4*r - 21 - x = 0. What is the tens digit of r?
3
Let a(i) = -i**3 + 13*i**2 + 6*i + 3. Let u be a(13). What is the tens digit of (-1)/((-27)/10389) - (-18)/u?
8
Let n(y) = -590*y**3 - 32*y**2 - 111*y - 4. What is the tens digit of n(-3)?
7
Suppose -4*p = -5*c + 19, -p + c + 2 = 6. What is the units digit of p + (368/(-4))/(-1)?
1
Let r = 73702 + -39834. What is the thousands digit of r?
3
Let y be 8/(-3)*(-3)/2. Let w be 60/28 + 18/21. Suppose -y*q + 90 = -w*c + c, 3*c = -9. What is the tens digit of q?
2
Suppose s - 4*g - 6 = -s, 3*s - 25 = -2*g. Let a(v) = -s - 12*v - 3*v + 5*v - 9*v. What is the tens digit of a(-2)?
3
Let j = 9117 - 1578. What is the units digit of j?
9
Suppose 244*y - 235*y = 34974. What is the thousands digit of y?
3
Let c = -284 + 289. Suppose -g = 2*o - 4*g - 1042, 4*o + c*g - 2106 = 0. What is the units digit of o?
4
Let o(m) = 13*m**2 - 5*m + 9. Let a(z) = -6*z**2 + 2*z - 4. Let p(f) = -7*a(f) - 3*o(f). What is the tens digit of p(3)?
3
Let c(f) = 130*f**2 + 1. Let b(w) = 17 + 5 + 6 - 4*w + 11. Let t be b(10). What is the units digit of c(t)?
1
Suppose 35*y = 34*y + 3*m + 92433, -369669 = -4*y + 3*m. What is the units digit of y?
2
Suppose 42*z = 44*z - f - 65, -2*f - 96 = -3*z. Suppose -p - z*n + 29*n + 310 = 0, -4*p + 1218 = -2*n. What is the hundreds digit of p?
3
Suppose 9*b - 10*b = -n - 1522, -4*n = 8. Suppose 4*d - 2549 = -5*v + b, 3*d + 1646 = 2*v. What is the units digit of v?
7
Suppose -2*v + 0*v = 5*l + 1872, -4*v = -3*l - 1144. Let n = l + 676. What is the hundreds digit of (0 + 1)*2/4*n?
1
Let n be 4 - ((-34)/8 - (-3)/12). Suppose 0 = -10*h + n*h - 8. What is the units digit of (138/(-5))/(h/20)?
8
Let a = -62 + 243. Suppose 5*k + 5*c - 1947 = -347, 3*k - c = 980. Let j = k - a. What is the hundreds digit of j?
1
Let x be 5/(75/2163) + 2/(-10). Let h = 428 + x. What is the tens digit of h?
7
Let b = 296 - -51. Suppose 9*c - 7*c + b = 3*d, -372 = -3*d - 3*c. What is the hundreds digit of d?
1
Let r(n) = n**3 - 115*n**2 + 166*n + 75. What is the tens digit of r(117)?
7
Let f = -23 + 1. Let s = f + 18. What is the tens digit of 1*s + 126/2?
5
What is the tens digit of (-79974)/(-6) + 378/(-42)?
2
Let j(x) = -3*x + 11. Let b be j(3). Suppose 2*s - 536 = -2*s - 4*d, -b*s + 264 = 3*d. What is the tens digit of s?
3
Suppose -309 = -2*k - b, 3*b + b = -3*k + 476. Suppose k + 4510 = 6*c. What is the units digit of c?
7
Let w = 70 - 51. Let s = 21 - w. Suppose r - s*z - 44 = 0, -4*r - 4 = -4*z - 184. What is the units digit of r?
6
Suppose 163*b = 127*b + 10152. What is the hundreds digit of b?
2
Suppose 190 = q + 1146. Let n = -341 - q. Suppose -n = 26*k - 31*k. What is the tens digit of k?
2
Suppose 33*h - 26*h = -525. Let x = h - -457. What is the tens digit of x?
8
Let s(x) = x + 18. Let a be s(-24). What is the hundreds digit of -5 - (1764/(-7) - a)?
2
Suppose 0 = 7*v - 10*v - 42. Let z = 18 + v. Suppose -63 = -z*f + 89. What is the units digit of f?
8
Let m(r) = -4*r**2 + 32*r + 2. Let y be m(8). Suppose 308 = y*i + 10*u - 8*u, 0 = -3*i - 2*u + 465. What is the tens digit of i?
5
Let p = -514 - -535. Let s be 4 - (-4 + 7) - 1. Suppose -3*q + 74 = -s*q - 5*f, -2*f = q - p. What is the tens digit of q?
2
Let z(o) = 79*o**2 + 7*o + 80. What is the thousands digit of z(-9)?
6
Suppose z = -3*f + 1 - 5, -4*z + 2*f = -12. Suppose -4*q + 20 = 0, -z*c = 4*q - 8 - 16. Let s(j) = 97*j - 4. What is the tens digit of s(c)?
9
Let x = 344 - -24464. What is the units digit of x?
8
Suppose -3*d + 2*k + 239 = 0, -4*d - 2*k + 77 = -3*d. Suppose -g + 236 = -d. What is the tens digit of g?
1
Suppose 4*j - z + 231 = 0, 9*j + 2*z = 13*j + 226. What is the units digit of -6 + j/2*-16?
6
What is the units digit of 1573/52*(1626 - -10)?
9
Let s be ((-4)/(-1) + -2)*2/2. Let q be (-5 - -1) + 42/s. Let g = q - -37. What is the tens digit of g?
5
Let q(w) = 158*w**2 + 114*w - 156. What is the thousands digit of q(-9)?
1
Let u be 241 + ((-3)/(-1))/3. Let w = -1580 - -1707. Let h = u - w. What is the units digit of h?
5
Let v(p) = 4*p**2 - p - 10. Let m be 1*(-4 + 4 + 0 - 4). What is the tens digit of v(m)?
5
Let t be 0*5*(-7)/(-70). Suppose -954 = -2*f + s, -3*f + t*s + 1431 = 2*s. What is the hundreds digit of f?
4
Suppose 3*d = -d + v + 9, -v = -d. Suppose 5*h + 40 = -d*u, 3*u + 37 = -4*h + 2. What is the tens digit of 1108/10 + (-1)/h?
1
Suppose 5*t = 2*d - 5501 - 13069, 0 = -3*d + 4*t + 27848. What is the tens digit of d?
8
Suppose -2*z - 2*z + 16 = 0. Let u = 606 - 84. Suppose 154 + u = z*p. What is the tens digit of p?
6
Let n(k) = -2*k**3 - k**2. Let p(z) = -5*z**3 - 17*z**2 - 50*z + 22. Let t(v) = -2*n(v) + p(v). What is the units digit of t(-15)?
2
Let i = 39 - -172. Suppose i = -12*k + 847. Suppose -k*r = -49*r - 160. What is the units digit of r?
0
Let s(x) = -x**2 - 37*x - 48. Let v be s(-42). Let d = v + 546. What is the hundreds digit of d?
2
Suppose 2423*a + 499339 = 2442*a. What is the tens digit of a?
8
Let n(w) = 49*w + 1619. What is the tens digit of n(-30)?
4
Suppose h = 5*t + 27, -3*h - 2*t + 37 = -6*t. Suppose -3*y - 16 = -h*y. Suppose -5*j = f - 5*f + 280, -5*f + y*j = -359. What is the units digit of f?
5
Let h = -2646 - -9279. What is the tens digit of h?
3
Suppose -5*x = 69 + 26. Let n be (-1 - 0)*(x + (9 - 5)). What is the tens digit of 9/n + -1*427/(-5)?
8
Let p = 3297 - -1932. What is the tens digit of p?
2
Let z = 27648 - 18735. What is the hundreds digit of z?
9
Let f(x) = x + 5*x**3 + 24*x**2 + 1 - 47*x**2 + 23*x**2. Let n be f(-2). Let h = n + 59. What is the units digit of h?
8
What is the thousands digit of (10 + -214)/(30/(-4395))?
9
Let x be (18/4)/((-99)/44 + 3). What is the units digit of 100/35*189/x?
0
Let u(a) = 103*a**3 + a**2 - 24*a - 38. What is the units digit of u(7)?
2
Let s = 17 + -18. Let k = 48 - s. Suppose 3*g + 5*w = -2*g + 165, -3*w - k = -g. What is the tens digit of g?
3
Let c be (84/10)/((-222)/(-740)). What is the units digit of c/(-140) + 8852/10?
5
Let i(y) = 153*y + 3064. What is the hundreds digit of i(23)?
5
Suppose -18 = 2*a + a. Let i be a/(-14) + 27/(-63). Suppose i*o + 5*o - 546 = -2*h, 2*o - 4*h = 228. What is the tens digit of o?
1
Suppose -16*j = -2*j. Suppose j = 4*p + 5*f - 1845, 11 - 1 = 2*f. What is the tens digit of p?
5
Suppose 7*m - 73*m + 219458 = 44426. What is the tens digit of m?
5
Let t(h) = 3116*h - 2378. What is the hundreds digit of t(7)?
4
Suppose -30*h = 32*h - 525636. What is the hundreds digit of h?
4
What is the thousands digit of (-64905)/(-6) - (-15)/10?
0
Suppose -155748 - 111498 = -3*l - 3*m, -445398 = -5*l - 3*m. What is the thousands digit of l?
9
Let d(m) be the third derivative of -m**6/120 - m**5/30 - 13*m**4/12 - 20*m**2. Let g(u) be the second derivative of d(u). What is the units digit of g(-10)?
6
Let g be -12*(-1 + 21/12). Let x be ((-177)/g)/(7/(-21)). Let l = x - -114. What is the tens digit of l?
5
Let w(n) = 14*n**3 + n**2 + n + 1. Let z be w(3). Let s be (-12)/(-21)*((1 - 